{"id":1080,"date":"2026-03-12T10:35:48","date_gmt":"2026-03-12T09:35:48","guid":{"rendered":"https:\/\/alainlonguet.com\/?page_id=1080"},"modified":"2026-03-12T10:35:48","modified_gmt":"2026-03-12T09:35:48","slug":"albert-ayme","status":"publish","type":"page","link":"https:\/\/alainlonguet.com\/index.php\/albert-ayme\/","title":{"rendered":"Albert Ayme"},"content":{"rendered":"\n<p><\/p>\n\n\n\n<p><strong>Le Paradigme, version num\u00e9rique [1990 &#8211; &#8230;.]<\/strong><\/p>\n\n\n\n<p>D\u00e8s les ann\u00e9es 90 j&rsquo;ai propos\u00e9 \u00e0 Albert Ayme de r\u00e9aliser une version num\u00e9rique de son \u00ab\u00a0Paradigme\u00a0\u00bb, \u0153uvre majeure de l&rsquo;artiste.<br>La premi\u00e8re version \u00e9tait r\u00e9alis\u00e9e sur une palette graphique \u00ab\u00a0Grace\u00a0\u00bb &#8211; IBM\/PC dont il ne reste plus \u00e0 ce jour que le listing papier.<br>Cette version \u00e0 \u00e9t\u00e9 r\u00e9\u00e9crite et pr\u00e9sent\u00e9e pour la premi\u00e8re fois \u00e0 l&rsquo;occasion de l&rsquo;expo de 2006 au Mus\u00e9e R\u00e9attu \u00e0 Arles, <br>puis reprise en 2018 \u00e0 la galerie Victor Sfez et \u00e0 la galerie Abstract Project<\/p>\n\n\n<style>.kb-image1080_5408ab-59 .kb-image-has-overlay:after{opacity:0.3;}<\/style>\n<figure class=\"wp-block-kadence-image kb-image1080_5408ab-59 size-large\"><img loading=\"lazy\" decoding=\"async\" width=\"1024\" height=\"685\" src=\"https:\/\/alainlonguet.com\/wp-content\/uploads\/2026\/03\/AAyme_Paradigme_Arles2007_DSC_0120-1024x685.jpg\" alt=\"\" class=\"kb-img wp-image-1081\" srcset=\"https:\/\/alainlonguet.com\/wp-content\/uploads\/2026\/03\/AAyme_Paradigme_Arles2007_DSC_0120-1024x685.jpg 1024w, https:\/\/alainlonguet.com\/wp-content\/uploads\/2026\/03\/AAyme_Paradigme_Arles2007_DSC_0120-300x201.jpg 300w, https:\/\/alainlonguet.com\/wp-content\/uploads\/2026\/03\/AAyme_Paradigme_Arles2007_DSC_0120-768x514.jpg 768w, https:\/\/alainlonguet.com\/wp-content\/uploads\/2026\/03\/AAyme_Paradigme_Arles2007_DSC_0120-1536x1028.jpg 1536w, https:\/\/alainlonguet.com\/wp-content\/uploads\/2026\/03\/AAyme_Paradigme_Arles2007_DSC_0120.jpg 1920w\" sizes=\"auto, (max-width: 1024px) 100vw, 1024px\" \/><figcaption>Pr\u00e9sentation en 2007 au mus\u00e9e R\u00e9attu  (Arles) <\/figcaption><\/figure>\n\n\n\n<p><br>La version Interactive a \u00e9t\u00e9 sp\u00e9cialement con\u00e7ue \u00e0 l&rsquo;occasion du colloque \u00ab\u00a0\u00c9crire pour inventer\u00a0\u00bb \u00e0 Cerisy La Salle, \u00e9t\u00e9 2019<br>Elle est accessible en ligne pour qui veut construire ses propres occurences en suivant \u00e0 la lettre les r\u00e8gles \u00e9dict\u00e9es par Albert Ayme <\/p>\n\n\n<style>.kb-image1080_82c095-5c .kb-image-has-overlay:after{opacity:0.3;}<\/style>\n<figure class=\"wp-block-kadence-image kb-image1080_82c095-5c size-large\"><a href=\"http:\/\/alainlonguet.free.fr\/processing\/paradigme.html\" class=\"kb-advanced-image-link\" target=\"_blank\" rel=\"noopener noreferrer\"><img loading=\"lazy\" decoding=\"async\" width=\"1024\" height=\"640\" src=\"https:\/\/alainlonguet.com\/wp-content\/uploads\/2026\/03\/AAyme_ParadigmeInteractif-1024x640.jpg\" alt=\"\" class=\"kb-img wp-image-1083\" srcset=\"https:\/\/alainlonguet.com\/wp-content\/uploads\/2026\/03\/AAyme_ParadigmeInteractif-1024x640.jpg 1024w, https:\/\/alainlonguet.com\/wp-content\/uploads\/2026\/03\/AAyme_ParadigmeInteractif-300x188.jpg 300w, https:\/\/alainlonguet.com\/wp-content\/uploads\/2026\/03\/AAyme_ParadigmeInteractif-768x480.jpg 768w, https:\/\/alainlonguet.com\/wp-content\/uploads\/2026\/03\/AAyme_ParadigmeInteractif-1536x960.jpg 1536w, https:\/\/alainlonguet.com\/wp-content\/uploads\/2026\/03\/AAyme_ParadigmeInteractif.jpg 1920w\" sizes=\"auto, (max-width: 1024px) 100vw, 1024px\" \/><\/a><figcaption><a href=\"http:\/\/alainlonguet.free.fr\/processing\/paradigme.html\" target=\"_blank\" rel=\"noreferrer noopener\">version interactive<\/a> <a href=\"http:\/\/alainlonguet.free.fr\/processing\/paradigme.html\" target=\"_blank\" rel=\"noreferrer noopener\">accessible en ligne<\/a><\/figcaption><\/figure>\n\n\n\n<p><\/p>\n","protected":false},"excerpt":{"rendered":"<p>Le Paradigme, version num\u00e9rique [1990 &#8211; &#8230;.] D\u00e8s les ann\u00e9es 90 j&rsquo;ai propos\u00e9 \u00e0 Albert Ayme de r\u00e9aliser une version num\u00e9rique de son \u00ab\u00a0Paradigme\u00a0\u00bb, \u0153uvre majeure de l&rsquo;artiste.La premi\u00e8re version \u00e9tait r\u00e9alis\u00e9e sur une palette graphique \u00ab\u00a0Grace\u00a0\u00bb &#8211; IBM\/PC dont il ne reste plus \u00e0 ce jour que le listing papier.Cette version \u00e0 \u00e9t\u00e9 r\u00e9\u00e9crite&#8230;<\/p>\n","protected":false},"author":1,"featured_media":0,"parent":0,"menu_order":0,"comment_status":"closed","ping_status":"closed","template":"","meta":{"_eb_attr":"","_kadence_starter_templates_imported_post":false,"_kad_post_transparent":"","_kad_post_title":"","_kad_post_layout":"","_kad_post_sidebar_id":"","_kad_post_content_style":"","_kad_post_vertical_padding":"","_kad_post_feature":"","_kad_post_feature_position":"","_kad_post_header":false,"_kad_post_footer":false,"_kad_post_classname":"","footnotes":""},"class_list":["post-1080","page","type-page","status-publish","hentry"],"_links":{"self":[{"href":"https:\/\/alainlonguet.com\/index.php\/wp-json\/wp\/v2\/pages\/1080","targetHints":{"allow":["GET"]}}],"collection":[{"href":"https:\/\/alainlonguet.com\/index.php\/wp-json\/wp\/v2\/pages"}],"about":[{"href":"https:\/\/alainlonguet.com\/index.php\/wp-json\/wp\/v2\/types\/page"}],"author":[{"embeddable":true,"href":"https:\/\/alainlonguet.com\/index.php\/wp-json\/wp\/v2\/users\/1"}],"replies":[{"embeddable":true,"href":"https:\/\/alainlonguet.com\/index.php\/wp-json\/wp\/v2\/comments?post=1080"}],"version-history":[{"count":5,"href":"https:\/\/alainlonguet.com\/index.php\/wp-json\/wp\/v2\/pages\/1080\/revisions"}],"predecessor-version":[{"id":1089,"href":"https:\/\/alainlonguet.com\/index.php\/wp-json\/wp\/v2\/pages\/1080\/revisions\/1089"}],"wp:attachment":[{"href":"https:\/\/alainlonguet.com\/index.php\/wp-json\/wp\/v2\/media?parent=1080"}],"curies":[{"name":"wp","href":"https:\/\/api.w.org\/{rel}","templated":true}]}}

<p></p>



<p><strong>Le Paradigme, version numérique [1990 &#8211; &#8230;.]</strong></p>



<p>Dès les années 90 j&rsquo;ai proposé à Albert Ayme de réaliser une version numérique de son « Paradigme », œuvre majeure de l&rsquo;artiste.<br>La première version était réalisée sur une palette graphique « Grace » &#8211; IBM/PC dont il ne reste plus à ce jour que le listing papier.<br>Cette version à été réécrite et présentée pour la première fois à l&rsquo;occasion de l&rsquo;expo de 2006 au Musée Réattu à Arles, <br>puis reprise en 2018 à la galerie Victor Sfez et à la galerie Abstract Project</p>


<style>.kb-image1080_5408ab-59 .kb-image-has-overlay:after{opacity:0.3;}</style>
<figure class="wp-block-kadence-image kb-image1080_5408ab-59 size-large"><img loading="lazy" decoding="async" width="1024" height="685" src="https://alainlonguet.com/wp-content/uploads/2026/03/AAyme_Paradigme_Arles2007_DSC_0120-1024x685.jpg" alt="" class="kb-img wp-image-1081" srcset="https://alainlonguet.com/wp-content/uploads/2026/03/AAyme_Paradigme_Arles2007_DSC_0120-1024x685.jpg 1024w, https://alainlonguet.com/wp-content/uploads/2026/03/AAyme_Paradigme_Arles2007_DSC_0120-300x201.jpg 300w, https://alainlonguet.com/wp-content/uploads/2026/03/AAyme_Paradigme_Arles2007_DSC_0120-768x514.jpg 768w, https://alainlonguet.com/wp-content/uploads/2026/03/AAyme_Paradigme_Arles2007_DSC_0120-1536x1028.jpg 1536w, https://alainlonguet.com/wp-content/uploads/2026/03/AAyme_Paradigme_Arles2007_DSC_0120.jpg 1920w" sizes="auto, (max-width: 1024px) 100vw, 1024px" /><figcaption>Présentation en 2007 au musée Réattu  (Arles) </figcaption></figure>



<p><br>La version Interactive a été spécialement conçue à l&rsquo;occasion du colloque « Écrire pour inventer » à Cerisy La Salle, été 2019<br>Elle est accessible en ligne pour qui veut construire ses propres occurences en suivant à la lettre les règles édictées par Albert Ayme </p>


<style>.kb-image1080_82c095-5c .kb-image-has-overlay:after{opacity:0.3;}</style>
<figure class="wp-block-kadence-image kb-image1080_82c095-5c size-large"><a href="http://alainlonguet.free.fr/processing/paradigme.html" class="kb-advanced-image-link" target="_blank" rel="noopener noreferrer"><img loading="lazy" decoding="async" width="1024" height="640" src="https://alainlonguet.com/wp-content/uploads/2026/03/AAyme_ParadigmeInteractif-1024x640.jpg" alt="" class="kb-img wp-image-1083" srcset="https://alainlonguet.com/wp-content/uploads/2026/03/AAyme_ParadigmeInteractif-1024x640.jpg 1024w, https://alainlonguet.com/wp-content/uploads/2026/03/AAyme_ParadigmeInteractif-300x188.jpg 300w, https://alainlonguet.com/wp-content/uploads/2026/03/AAyme_ParadigmeInteractif-768x480.jpg 768w, https://alainlonguet.com/wp-content/uploads/2026/03/AAyme_ParadigmeInteractif-1536x960.jpg 1536w, https://alainlonguet.com/wp-content/uploads/2026/03/AAyme_ParadigmeInteractif.jpg 1920w" sizes="auto, (max-width: 1024px) 100vw, 1024px" /></a><figcaption><a href="http://alainlonguet.free.fr/processing/paradigme.html" target="_blank" rel="noreferrer noopener">version interactive</a> <a href="http://alainlonguet.free.fr/processing/paradigme.html" target="_blank" rel="noreferrer noopener">accessible en ligne</a></figcaption></figure>



<p></p>

<p>Le Paradigme, version numérique [1990 &#8211; &#8230;.] Dès les années 90 j&rsquo;ai proposé à Albert Ayme de réaliser une version numérique de son « Paradigme », œuvre majeure de l&rsquo;artiste.La première version était réalisée sur une palette graphique « Grace » &#8211; IBM/PC dont il ne reste plus à ce jour que le listing papier.Cette version à été réécrite&#8230;</p>
